{"id":861,"date":"2023-11-04T16:30:16","date_gmt":"2023-11-04T16:30:16","guid":{"rendered":"http:\/\/dyreborg.nu\/?page_id=861"},"modified":"2025-09-04T12:04:50","modified_gmt":"2025-09-04T12:04:50","slug":"dyreborg-kapsejladsforening","status":"publish","type":"page","link":"https:\/\/dyreborg.nu\/?page_id=861","title":{"rendered":"Dyreborg Kapsejladsforening"},"content":{"rendered":"\t\t<div data-elementor-type=\"wp-page\" data-elementor-id=\"861\" class=\"elementor elementor-861\">\n\t\t\t\t<div class=\"elementor-element elementor-element-b793fa0 e-flex e-con-boxed e-con e-parent\" data-id=\"b793fa0\" data-element_type=\"container\" data-e-type=\"container\">\n\t\t\t\t\t<div class=\"e-con-inner\">\n\t\t<div class=\"elementor-element elementor-element-a34700d e-con-full e-flex e-con e-child\" data-id=\"a34700d\" data-element_type=\"container\" data-e-type=\"container\">\n\t\t\t\t<div class=\"elementor-element elementor-element-9dc1af8 e-transform elementor-arrows-position-inside elementor-invisible elementor-widget elementor-widget-image-carousel\" data-id=\"9dc1af8\" data-element_type=\"widget\" data-e-type=\"widget\" data-settings=\"{&quot;slides_to_show&quot;:&quot;1&quot;,&quot;autoplay_speed&quot;:3000,&quot;effect&quot;:&quot;fade&quot;,&quot;speed&quot;:1200,&quot;_animation&quot;:&quot;fadeIn&quot;,&quot;navigation&quot;:&quot;arrows&quot;,&quot;autoplay&quot;:&quot;yes&quot;,&quot;pause_on_interaction&quot;:&quot;yes&quot;,&quot;infinite&quot;:&quot;yes&quot;,&quot;_transform_rotateZ_effect&quot;:{&quot;unit&quot;:&quot;px&quot;,&quot;size&quot;:&quot;&quot;,&quot;sizes&quot;:[]},&quot;_transform_rotateZ_effect_tablet&quot;:{&quot;unit&quot;:&quot;deg&quot;,&quot;size&quot;:&quot;&quot;,&quot;sizes&quot;:[]},&quot;_transform_rotateZ_effect_mobile&quot;:{&quot;unit&quot;:&quot;deg&quot;,&quot;size&quot;:&quot;&quot;,&quot;sizes&quot;:[]}}\" data-widget_type=\"image-carousel.default\">\n\t\t\t\t\t\t\t<div class=\"elementor-image-carousel-wrapper swiper\" role=\"region\" aria-roledescription=\"carousel\" aria-label=\"Billedkarussel\" dir=\"ltr\">\n\t\t\t<div class=\"elementor-image-carousel swiper-wrapper\" aria-live=\"off\">\n\t\t\t\t\t\t\t\t<div class=\"swiper-slide\" role=\"group\" aria-roledescription=\"slide\" aria-label=\"1 of 22\"><figure class=\"swiper-slide-inner\"><img decoding=\"async\" class=\"swiper-slide-image\" src=\"https:\/\/dyreborg.nu\/wp-content\/uploads\/2023\/11\/Dyreborg-Beboerforening-1024x681.jpg\" alt=\"SommerFest\" \/><figcaption class=\"elementor-image-carousel-caption\">SommerFest<\/figcaption><\/figure><\/div><div class=\"swiper-slide\" role=\"group\" aria-roledescription=\"slide\" aria-label=\"2 of 22\"><figure class=\"swiper-slide-inner\"><img decoding=\"async\" class=\"swiper-slide-image\" src=\"https:\/\/dyreborg.nu\/wp-content\/uploads\/2023\/12\/DSC9156-1024x681.jpg\" alt=\"Sommerfest\" \/><figcaption class=\"elementor-image-carousel-caption\">Sommerfest<\/figcaption><\/figure><\/div><div class=\"swiper-slide\" role=\"group\" aria-roledescription=\"slide\" aria-label=\"3 of 22\"><figure class=\"swiper-slide-inner\"><img decoding=\"async\" class=\"swiper-slide-image\" src=\"https:\/\/dyreborg.nu\/wp-content\/uploads\/2023\/12\/DSC9189-1024x682.jpg\" alt=\"Sommerfest\" \/><figcaption class=\"elementor-image-carousel-caption\">Sommerfest<\/figcaption><\/figure><\/div><div class=\"swiper-slide\" role=\"group\" aria-roledescription=\"slide\" aria-label=\"4 of 22\"><figure class=\"swiper-slide-inner\"><img decoding=\"async\" class=\"swiper-slide-image\" src=\"https:\/\/dyreborg.nu\/wp-content\/uploads\/2024\/12\/Julemand-24-2-1024x682.jpg\" alt=\"Julemanden kommer til Dyreborg\" \/><figcaption class=\"elementor-image-carousel-caption\">Julemanden kommer til Dyreborg<\/figcaption><\/figure><\/div><div class=\"swiper-slide\" role=\"group\" aria-roledescription=\"slide\" aria-label=\"5 of 22\"><figure class=\"swiper-slide-inner\"><img decoding=\"async\" class=\"swiper-slide-image\" src=\"https:\/\/dyreborg.nu\/wp-content\/uploads\/2024\/12\/Julemand-24-1-1024x682.jpg\" alt=\"Julemanden kommer til Dyreborg ...\" \/><figcaption class=\"elementor-image-carousel-caption\">Julemanden kommer til Dyreborg ...<\/figcaption><\/figure><\/div><div class=\"swiper-slide\" role=\"group\" aria-roledescription=\"slide\" aria-label=\"6 of 22\"><figure class=\"swiper-slide-inner\"><img decoding=\"async\" class=\"swiper-slide-image\" src=\"https:\/\/dyreborg.nu\/wp-content\/uploads\/2024\/12\/Julemand-24-14-1024x681.jpg\" alt=\"... og musik skal der til.\" \/><figcaption class=\"elementor-image-carousel-caption\">... og musik skal der til.<\/figcaption><\/figure><\/div><div class=\"swiper-slide\" role=\"group\" aria-roledescription=\"slide\" aria-label=\"7 of 22\"><figure class=\"swiper-slide-inner\"><img decoding=\"async\" class=\"swiper-slide-image\" src=\"https:\/\/dyreborg.nu\/wp-content\/uploads\/2023\/11\/20210109_123642-1-1024x576.jpg\" alt=\"Kapsejladsforeningen besluttede at renovere  klubhuset ...\" \/><figcaption class=\"elementor-image-carousel-caption\">Kapsejladsforeningen besluttede at renovere  klubhuset ...<\/figcaption><\/figure><\/div><div class=\"swiper-slide\" role=\"group\" aria-roledescription=\"slide\" aria-label=\"8 of 22\"><figure class=\"swiper-slide-inner\"><img decoding=\"async\" class=\"swiper-slide-image\" src=\"https:\/\/dyreborg.nu\/wp-content\/uploads\/2023\/11\/20210110_123247-1024x576.jpg\" alt=\"... meget grundigt\" \/><figcaption class=\"elementor-image-carousel-caption\">... meget grundigt<\/figcaption><\/figure><\/div><div class=\"swiper-slide\" role=\"group\" aria-roledescription=\"slide\" aria-label=\"9 of 22\"><figure class=\"swiper-slide-inner\"><img decoding=\"async\" class=\"swiper-slide-image\" src=\"https:\/\/dyreborg.nu\/wp-content\/uploads\/2023\/11\/20210122_163426-1024x576.jpg\" alt=\"Str\u00f8er l\u00e6gges ud\" \/><figcaption class=\"elementor-image-carousel-caption\">Str\u00f8er l\u00e6gges ud<\/figcaption><\/figure><\/div><div class=\"swiper-slide\" role=\"group\" aria-roledescription=\"slide\" aria-label=\"10 of 22\"><figure class=\"swiper-slide-inner\"><img decoding=\"async\" class=\"swiper-slide-image\" src=\"https:\/\/dyreborg.nu\/wp-content\/uploads\/2023\/11\/20210122_163449-1024x576.jpg\" alt=\"Str\u00f8er l\u00e6gges ud\" \/><figcaption class=\"elementor-image-carousel-caption\">Str\u00f8er l\u00e6gges ud<\/figcaption><\/figure><\/div><div class=\"swiper-slide\" role=\"group\" aria-roledescription=\"slide\" aria-label=\"11 of 22\"><figure class=\"swiper-slide-inner\"><img decoding=\"async\" class=\"swiper-slide-image\" src=\"https:\/\/dyreborg.nu\/wp-content\/uploads\/2023\/11\/20210213_093613-1-1024x576.jpg\" alt=\"Gulv og tag kommer p\u00e5 plads\" \/><figcaption class=\"elementor-image-carousel-caption\">Gulv og tag kommer p\u00e5 plads<\/figcaption><\/figure><\/div><div class=\"swiper-slide\" role=\"group\" aria-roledescription=\"slide\" aria-label=\"12 of 22\"><figure class=\"swiper-slide-inner\"><img decoding=\"async\" class=\"swiper-slide-image\" src=\"https:\/\/dyreborg.nu\/wp-content\/uploads\/2023\/11\/20210213_093710-1024x576.jpg\" alt=\"20210213_093710\" \/><\/figure><\/div><div class=\"swiper-slide\" role=\"group\" aria-roledescription=\"slide\" aria-label=\"13 of 22\"><figure class=\"swiper-slide-inner\"><img decoding=\"async\" class=\"swiper-slide-image\" src=\"https:\/\/dyreborg.nu\/wp-content\/uploads\/2023\/11\/20210221_103326-1024x576.jpg\" alt=\"Facaden bygges op\" \/><figcaption class=\"elementor-image-carousel-caption\">Facaden bygges op <\/figcaption><\/figure><\/div><div class=\"swiper-slide\" role=\"group\" aria-roledescription=\"slide\" aria-label=\"14 of 22\"><figure class=\"swiper-slide-inner\"><img decoding=\"async\" class=\"swiper-slide-image\" src=\"https:\/\/dyreborg.nu\/wp-content\/uploads\/2023\/11\/20210222_123247-1024x576.jpg\" alt=\"20210222_123247\" \/><\/figure><\/div><div class=\"swiper-slide\" role=\"group\" aria-roledescription=\"slide\" aria-label=\"15 of 22\"><figure class=\"swiper-slide-inner\"><img decoding=\"async\" class=\"swiper-slide-image\" src=\"https:\/\/dyreborg.nu\/wp-content\/uploads\/2023\/11\/20210302_142205-1024x576.jpg\" alt=\"Isolering\" \/><figcaption class=\"elementor-image-carousel-caption\">Isolering<\/figcaption><\/figure><\/div><div class=\"swiper-slide\" role=\"group\" aria-roledescription=\"slide\" aria-label=\"16 of 22\"><figure class=\"swiper-slide-inner\"><img decoding=\"async\" class=\"swiper-slide-image\" src=\"https:\/\/dyreborg.nu\/wp-content\/uploads\/2023\/11\/20210302_142217-1024x576.jpg\" alt=\"Pause\" \/><figcaption class=\"elementor-image-carousel-caption\">Pause<\/figcaption><\/figure><\/div><div class=\"swiper-slide\" role=\"group\" aria-roledescription=\"slide\" aria-label=\"17 of 22\"><figure class=\"swiper-slide-inner\"><img decoding=\"async\" class=\"swiper-slide-image\" src=\"https:\/\/dyreborg.nu\/wp-content\/uploads\/2023\/11\/20210302_142309-1024x576.jpg\" alt=\"20210302_142309\" \/><\/figure><\/div><div class=\"swiper-slide\" role=\"group\" aria-roledescription=\"slide\" aria-label=\"18 of 22\"><figure class=\"swiper-slide-inner\"><img decoding=\"async\" class=\"swiper-slide-image\" src=\"https:\/\/dyreborg.nu\/wp-content\/uploads\/2023\/11\/20210225_140336-1024x576.jpg\" alt=\"20210225_140336\" \/><\/figure><\/div><div class=\"swiper-slide\" role=\"group\" aria-roledescription=\"slide\" aria-label=\"19 of 22\"><figure class=\"swiper-slide-inner\"><img decoding=\"async\" class=\"swiper-slide-image\" src=\"https:\/\/dyreborg.nu\/wp-content\/uploads\/2023\/11\/20210308_164633-1024x576.jpg\" alt=\"N\u00e6sten f\u00e6rdig.\" \/><figcaption class=\"elementor-image-carousel-caption\">N\u00e6sten f\u00e6rdig.<\/figcaption><\/figure><\/div><div class=\"swiper-slide\" role=\"group\" aria-roledescription=\"slide\" aria-label=\"20 of 22\"><figure class=\"swiper-slide-inner\"><img decoding=\"async\" class=\"swiper-slide-image\" src=\"https:\/\/dyreborg.nu\/wp-content\/uploads\/2023\/11\/DSC9111-1024x682.jpg\" alt=\"Sommerfest\" \/><figcaption class=\"elementor-image-carousel-caption\">Sommerfest<\/figcaption><\/figure><\/div><div class=\"swiper-slide\" role=\"group\" aria-roledescription=\"slide\" aria-label=\"21 of 22\"><figure class=\"swiper-slide-inner\"><img decoding=\"async\" class=\"swiper-slide-image\" src=\"https:\/\/dyreborg.nu\/wp-content\/uploads\/2023\/10\/G-20230501_173351-1024x632.jpg\" alt=\"G-20230501_173351\" \/><\/figure><\/div><div class=\"swiper-slide\" role=\"group\" aria-roledescription=\"slide\" aria-label=\"22 of 22\"><figure class=\"swiper-slide-inner\"><img decoding=\"async\" class=\"swiper-slide-image\" src=\"https:\/\/dyreborg.nu\/wp-content\/uploads\/2023\/11\/L1030784-1-1024x768.jpg\" alt=\"L1030784-1\" \/><\/figure><\/div>\t\t\t<\/div>\n\t\t\t\t\t\t\t\t\t\t\t\t<div class=\"elementor-swiper-button elementor-swiper-button-prev\" role=\"button\" tabindex=\"0\">\n\t\t\t\t\t\t<i aria-hidden=\"true\" class=\"eicon-chevron-left\"><\/i>\t\t\t\t\t<\/div>\n\t\t\t\t\t<div class=\"elementor-swiper-button elementor-swiper-button-next\" role=\"button\" tabindex=\"0\">\n\t\t\t\t\t\t<i aria-hidden=\"true\" class=\"eicon-chevron-right\"><\/i>\t\t\t\t\t<\/div>\n\t\t\t\t\n\t\t\t\t\t\t\t\t\t<\/div>\n\t\t\t\t\t\t<\/div>\n\t\t\t\t<div class=\"elementor-element elementor-element-3e79cc9 elementor-widget elementor-widget-text-editor\" data-id=\"3e79cc9\" data-element_type=\"widget\" data-e-type=\"widget\" data-widget_type=\"text-editor.default\">\n\t\t\t\t\t\t\t\t\t<p>Foreningen blev stiftet d. 30\/5 \u2013 1903 med hj\u00e6lp fra bl.a. Chr. Schr\u00f8der, dengang indehaver af Dyreborg Sommerhotel p\u00e5 Fiskerv\u00e6nget \u2013 dengang var det almindeligt at man i forbindelse med sommerfester i Dyreborg afholdt konkurrencer mellem ungersvendene i byen og de forskellige g\u00e5rde i omegnen, bl.a. med kaproning og kapsejlads i \u00f8havet, disse konkurrencer blev altid afsluttet med f\u00e6llesspisning og fest p\u00e5 Dyreborg Sommerhotel.<\/p><p><span style=\"font-family: var( --e-global-typography-text-font-family ), Sans-serif; font-weight: var( --e-global-typography-text-font-weight ); text-align: var(--text-align); font-size: 1rem;\">Foreningen sygnede hen op igennem 60\u00b4erne, hvor det efterh\u00e5nden svandt af fiskerne og andre aktive i havnen og hotellet lukkede.<\/span><\/p><p><span style=\"font-family: var( --e-global-typography-text-font-family ), Sans-serif; font-weight: var( --e-global-typography-text-font-weight ); text-align: var(--text-align); font-size: 1rem;\">Med et voksende antal lokale sejlere og stadig flere sommerg\u00e6ster i havnen fra mange egne af landet og fra udlandet, blev det i 2007 besluttet at genoplive den gamle forening.<\/span><\/p><p><span style=\"font-family: var( --e-global-typography-text-font-family ), Sans-serif; font-weight: var( --e-global-typography-text-font-weight ); text-align: var(--text-align); font-size: 1rem;\">Der blev indkaldt til stiftende generalforsamling d. 22\/6 \u2013 2007, hvor man gjorde form\u00e5let til, gennem f\u00e6llesskab, samv\u00e6r og aktiviteter for sejlads, at fremme f\u00e6llesskabet p\u00e5 Dyreborg havn, samt at v\u00e6re st\u00f8tteforening for Den selvejende Institution\u00a0 Foreningen DYREBORG HAVN \u2013 igennem godt lokalt samarbejde og et stort frivilligt arbejde af foreningens medlemmer har man i dag opn\u00e5et at kunne yde et betydeligt tilskud til havnens drift og vedligeholdelse.<\/span><\/p><p><span style=\"font-family: var( --e-global-typography-text-font-family ), Sans-serif; font-weight: var( --e-global-typography-text-font-weight ); text-align: var(--text-align); font-size: 1rem;\">Der afholdes \u00e5ret igennem forskellige arrangementer i foreningens regi \u2013 i l\u00f8bet af marts m\u00e5ned\u00a0 afholdes vores \u201cJ\u00e6vnd\u00f8gnsfest\u201d hvor der ofte er deltagere fra flere egne af landet, der er medlemmer som gerne k\u00f8rer temmelig langt for at deltage i denne hyggelige aften, hvor snakken g\u00e5r livligt om de forskellige andre sammenkomster der har v\u00e6ret i l\u00f8bet af \u00e5ret.<\/span><\/p><p><span style=\"font-family: var( --e-global-typography-text-font-family ), Sans-serif; font-weight: var( --e-global-typography-text-font-weight ); text-align: var(--text-align); font-size: 1rem;\">N\u00e6vnes kan ogs\u00e5 den \u00e5rlige P\u00e5lidelighedssejlads hvor man efter sejladsen m\u00f8des til f\u00e6llesspisning i det til lejligheden opstillede telt p\u00e5 havnen \u2013 en anden tradition er det man kalder \u201cSejltur i det bl\u00e5\u201d hvor man ogs\u00e5 afslutter med f\u00e6llesspisning eller et grillarrangement, sidst i Alsgaard Krog, men det kan ogs\u00e5 v\u00e6re p\u00e5 Drejet, alt efter vejr- og vindforhold.<\/span><\/p><p><span style=\"font-family: var( --e-global-typography-text-font-family ), Sans-serif; font-weight: var( --e-global-typography-text-font-weight ); text-align: var(--text-align); font-size: 1rem;\">\u00c5ret afsluttes med Julemandens ankomst til Dyreborg Havn, det er altid i begyndelsen af december m\u00e5ned, hvis vejret tillader det ankommer han med skib, hvor han g\u00e5r fra borde og uddeler slikposer til de fremm\u00f8dte b\u00f8rn p\u00e5 havnen \u2013 det er normalt ogs\u00e5 en begivenhed som samler temmelig mange mennesker p\u00e5 havnen. Det skal ogs\u00e5 n\u00e6vnes, at Julemanden de seneste \u00e5r har haft Faaborg Kanon\u00e9rlaug med for at komme sikkert frem med sin s\u00e6k \u2013 det er jo ogs\u00e5 et farverigt indslag med soldaterne i deres gamle uniformer.<\/span><\/p><p><span style=\"font-family: var( --e-global-typography-text-font-family ), Sans-serif; font-weight: var( --e-global-typography-text-font-weight ); text-align: var(--text-align); font-size: 1rem;\">Desuden afholder foreningens medlemmer en ugentlig sejltur rundt om Bj\u00f8rn\u00f8, der er altid nogen som stiller deres b\u00e5de til r\u00e5dighed s\u00e5ledes at alle interesserede kan sejle med \u2013 det er en tur p\u00e5 6 \u2013 7 s\u00f8mil og varer omkring 1\u00bd time, alt efter vindforhold. Det foreg\u00e5r om torsdagen og har udviklet sig til at v\u00e6re en kapsejlads hvor de enkelte b\u00e5de starter med det handicap som passer til den enkelte b\u00e5dtype, og henover sommeren dystes om en vandrepokal.<\/span><\/p><p><span style=\"font-family: var( --e-global-typography-text-font-family ), Sans-serif; font-weight: var( --e-global-typography-text-font-weight ); text-align: var(--text-align); font-size: 1rem;\">Hold i\u00f8vrigt \u00f8je med kalenderen her p\u00e5 siden, hvor de enkelte arrangementer i ugerne op til at de afholdes omtales mere indg\u00e5ende med klokkeslet o.s.v. \u2013 nogle arrangementer kr\u00e6ver ogs\u00e5 tilmelding, eller at man k\u00f8ber en spisebillet i forvejen.<\/span><\/p><p><span style=\"font-family: var( --e-global-typography-text-font-family ), Sans-serif; font-weight: var( --e-global-typography-text-font-weight ); text-align: var(--text-align); font-size: 1rem;\">Foreningen r\u00e5der over et lille klubhus p\u00e5 havnen, hvor der is\u00e6r om sommeren afholdes mange sm\u00e5 sammenkomster og m\u00f8der hvor venskaber knyttes og vedligeholdes, b\u00e5de mellem de lokale og de mange g\u00e6ster fra n\u00e6r og fjern, som sommer efter sommer deltager i samv\u00e6ret og de mange hyggelige timer \u2026\u2026.<\/span><\/p><p>\u00a0<\/p>\t\t\t\t\t\t\t\t<\/div>\n\t\t\t\t<\/div>\n\t\t<div class=\"elementor-element elementor-element-d3e44d8 e-con-full e-flex e-con e-child\" data-id=\"d3e44d8\" data-element_type=\"container\" data-e-type=\"container\">\n\t\t\t\t<div class=\"elementor-element elementor-element-b22bf1f elementor-widget elementor-widget-text-editor\" data-id=\"b22bf1f\" data-element_type=\"widget\" data-e-type=\"widget\" data-widget_type=\"text-editor.default\">\n\t\t\t\t\t\t\t\t\t<p><span style=\"font-family: var( --e-global-typography-text-font-family ), Sans-serif; font-weight: var( --e-global-typography-text-font-weight ); text-align: var(--text-align); font-size: 1rem;\">Formand<\/span><\/p><p>Mitzie Terndrup<br \/>24943573<br \/>mitzie.terndrup@hotmail.com<\/p>\t\t\t\t\t\t\t\t<\/div>\n\t\t\t\t<\/div>\n\t\t\t\t\t<\/div>\n\t\t\t\t<\/div>\n\t\t<div class=\"elementor-element elementor-element-fbaca3a e-con-full e-flex e-con e-parent\" data-id=\"fbaca3a\" data-element_type=\"container\" data-e-type=\"container\">\n\t\t\t\t<div class=\"elementor-element elementor-element-d3e002f elementor-button-info elementor-align-right elementor-widget elementor-widget-button\" data-id=\"d3e002f\" data-element_type=\"widget\" data-e-type=\"widget\" data-widget_type=\"button.default\">\n\t\t\t\t\t\t\t\t\t\t<a class=\"elementor-button elementor-button-link elementor-size-xs\" href=\"http:\/\/dyreborg.nu\/ny#DyreborgsForeninger\" id=\"Home\">\n\t\t\t\t\t\t<span class=\"elementor-button-content-wrapper\">\n\t\t\t\t\t\t<span class=\"elementor-button-icon\">\n\t\t\t\t<i aria-hidden=\"true\" class=\"fas fa-home\"><\/i>\t\t\t<\/span>\n\t\t\t\t\t\t\t\t<\/span>\n\t\t\t\t\t<\/a>\n\t\t\t\t\t\t\t\t<\/div>\n\t\t\t\t<\/div>\n\t\t\t\t<\/div>\n\t\t","protected":false},"excerpt":{"rendered":"<p>SommerFest Sommerfest Sommerfest Julemanden kommer til Dyreborg Julemanden kommer til Dyreborg &#8230; &#8230; og musik skal der til. Kapsejladsforeningen besluttede at renovere klubhuset &#8230; &#8230; meget grundigt Str\u00f8er l\u00e6gges ud Str\u00f8er l\u00e6gges ud Gulv og tag kommer p\u00e5 plads Facaden bygges op Isolering Pause N\u00e6sten f\u00e6rdig. Sommerfest Foreningen blev stiftet d. 30\/5 \u2013 1903 med [&hellip;]<\/p>\n","protected":false},"author":1,"featured_media":0,"parent":0,"menu_order":0,"comment_status":"closed","ping_status":"closed","template":"","meta":{"_seopress_robots_primary_cat":"","_seopress_titles_title":"","_seopress_titles_desc":"","_seopress_robots_index":"","footnotes":""},"class_list":["post-861","page","type-page","status-publish","hentry"],"_links":{"self":[{"href":"https:\/\/dyreborg.nu\/index.php?rest_route=\/wp\/v2\/pages\/861","targetHints":{"allow":["GET"]}}],"collection":[{"href":"https:\/\/dyreborg.nu\/index.php?rest_route=\/wp\/v2\/pages"}],"about":[{"href":"https:\/\/dyreborg.nu\/index.php?rest_route=\/wp\/v2\/types\/page"}],"author":[{"embeddable":true,"href":"https:\/\/dyreborg.nu\/index.php?rest_route=\/wp\/v2\/users\/1"}],"replies":[{"embeddable":true,"href":"https:\/\/dyreborg.nu\/index.php?rest_route=%2Fwp%2Fv2%2Fcomments&post=861"}],"version-history":[{"count":64,"href":"https:\/\/dyreborg.nu\/index.php?rest_route=\/wp\/v2\/pages\/861\/revisions"}],"predecessor-version":[{"id":2497,"href":"https:\/\/dyreborg.nu\/index.php?rest_route=\/wp\/v2\/pages\/861\/revisions\/2497"}],"wp:attachment":[{"href":"https:\/\/dyreborg.nu\/index.php?rest_route=%2Fwp%2Fv2%2Fmedia&parent=861"}],"curies":[{"name":"wp","href":"https:\/\/api.w.org\/{rel}","templated":true}]}}